 c. What is the highest common divisor of 12 and k?
12
Suppose 7 - 1 = n. Let c = 1 + n. What is the highest common divisor of 77 and c?
7
Let t be (-14)/(-4) - (-1)/(-2). Suppose 3*w = -3*a + 33, w + t + 2 = 0. What is the greatest common factor of 4 and a?
4
Suppose 2*x + 9 = -x. Let n be 8/(-28) + (-204)/21. Let c = x - n. What is the highest common divisor of c and 35?
7
Suppose -122 = -4*z - 5*s, z + 0*z - 2*s = 24. Suppose 3*p + 4*w - z = 0, 4*w = -5*p + 17 + 43. Calculate the highest common factor of p and 176.
16
Let x be (-9)/6*2 - -8. Suppose t - 46 = -4*v + 6*v, -5*t = -v - x. Let g be (-10)/v + 146/10. Calculate the highest common divisor of g and 120.
15
Suppose 5*u - 13 = 4*f, -u = 2*u + 5*f - 30. Let g be 106/22 - 26/(-143). Calculate the greatest common factor of g and u.
5
Suppose 0*q = 4*q + 280. Let x = q - -122. What is the highest common factor of x and 13?
13
Suppose 5*a - 645 = x, 2*a + 4*x + 532 = 6*a. What is the greatest common factor of 16 and a?
16
Suppose 8*m = -4*m + 204. What is the greatest common divisor of 153 and m?
17
Let z(k) = 12*k - 8. Let u be 4 + (-3)/(-1) + 1. Let n be z(u). Calculate the highest common factor of 8 and n.
8
Suppose -4*o + 12 = k - 0*o, 0 = 4*k - o - 14. What is the greatest common divisor of k and 6?
2
Let o(y) = -y**3 + 5*y**2 - 3*y - 3. Let u be ((-12)/10)/((-4)/10). Let b be o(u). Calculate the highest common factor of b and 66.
6
Let z be -9*(2 + -3)*-3. Let m = 7 - z. What is the highest common divisor of m and 17?
17
Suppose 86 = 2*i - 2. Let y = -57 - -68. What is the highest common divisor of i and y?
11
Let j = -131 + 591. Suppose 3*l - j = -l. Calculate the highest common divisor of l and 46.
23
Suppose -23 = z + 31. Let f = z + 36. Let l be 18/(-3 - f/4). Calculate the highest common divisor of l and 18.
6
Let z be (-14)/6 + 1/3. Let y = 8 + z. Let t be 130/y + 1/3. Calculate the highest common factor of t and 44.
22
Suppose 0 = d + o + 2*o - 141, 0 = 2*d - 4*o - 312. Calculate the greatest common divisor of 15 and d.
15
Suppose -4*t = 5 + 3. Let p be 22*(3 - (-4)/t). Suppose -5*w - 23 = -z, 8*w - 4*w - 140 = -4*z. Calculate the greatest common divisor of z and p.
11
Let n = 86 + -47. What is the highest common factor of 312 and n?
39
Suppose -18 = 5*z - 4*f, z - 6*z = -2*f + 14. Let k be (-15)/(z - 15/(-12)). Calculate the highest common divisor of 140 and k.
20
Let x = 1 + 3. Suppose 0 = 4*o + 2*y - 130, -2*y - 126 = -4*o - 0*y. Calculate the highest common divisor of o and x.
4
Let x be (-9)/27 + (-172)/(-3). Suppose x = 5*h - 23. What is the greatest common factor of h and 176?
16
Let h(o) = -o**3 - 5*o**2 + 8*o + 3. Suppose 2*p - 3*p + 5*m = 27, 0 = -3*p - 2*m - 13. Let s be h(p). Calculate the greatest common factor of s and 5.
5
Let w = -4 + 8. What is the highest common divisor of 20 and w?
4
Suppose -5*a + 36 + 44 = 0. What is the highest common divisor of 2 and a?
2
Let d be 1 - (3*4 - -2). Let p = -7 - d. Let m = -6 - -12. Calculate the greatest common factor of p and m.
6
Let f be (6/(-4))/(3/(-18)). Suppose -2*b + t = -2*t, -5*t = 0. Suppose 297 = 3*u - b*u. Calculate the greatest common divisor of u and f.
9
Suppose 15*f = -32*f + 1222. Suppose 5*d + 2*h = 400, -2*d - d - 4*h = -254. What is the greatest common divisor of f and d?
26
Suppose -4*a + 5*b - 4*b + 7 = 0, -3*a - 3*b = -9. Suppose 2*x - 3*g - 24 = 0, -3*x + 9 = -a*g - 27. What is the greatest common factor of 60 and x?
12
Let v(i) = -i**3 - 14*i**2 - 15*i + 19. Let p be v(-13). Calculate the highest common divisor of 5 and p.
5
Let x be -2 - (-76)/((-4)/(-2)). Suppose -h - 2*f + 19 = 0, 2*h + 6*f - 3*f = x. What is the highest common divisor of h and 75?
15
Suppose 0 = 4*k - k - 33. Suppose 3*i = 13 + k. Calculate the greatest common factor of i and 64.
8
Suppose 4*g = -3*s + 50, 4*g = 2*s + 21 - 81. What is the highest common factor of 198 and s?
22
Let c be ((-36)/15)/((-6)/180). Calculate the greatest common factor of 8 and c.
8
Let w(i) = -2*i**3 - 6*i**2 + 5*i + 3. Let v be w(5). Let a = v + 540. What is the greatest common divisor of 21 and a?
21
Let u(g) = 7 + g - 7*g**3 - 7. Let m be u(-1). What is the highest common divisor of 24 and m?
6
Let v be 2 - (-4 + (1 - 0)). Suppose -v*n + 173 + 127 = 0. Suppose -3*a - 33 = -6*a - 3*s, -a + 5*s + 17 = 0. Calculate the greatest common divisor of a and n.
12
Let x be (-1626)/(-18) + 3/(-9). What is the greatest common factor of x and 18?
18
Let c be (-3)/(-4 + (-1 - -4)). Let z = 6 + 0. Suppose -6 = -c*j + 3, -z = 3*x - 5*j. Calculate the greatest common factor of x and 9.
3
Let u = 1 + -3. Let x = u - -7. Suppose -n + x + 27 = 0. What is the greatest common divisor of 4 and n?
4
Suppose 3*n = 2*n + 9. Let f be (-2 - -20)*(-28)/(-8). What is the highest common factor of f and n?
9
Let t(i) be the first derivative of -i**4/2 - i**3/3 - i**2/2 - 1. Let s be t(-1). What is the greatest common factor of s and 4?
2
Let a be (-1)/(-2) - 68/(-8). Let l = a + -13. Let j be l/((-1)/(-2) + -1). Calculate the greatest common factor of 56 and j.
8
Suppose 0 = -u - 0*u + 81. Let j = -45 + u. Let z = -6 + j. Calculate the greatest common divisor of 6 and z.
6
Let b(h) = 3*h**2 + 20*h + 93. Let x be b(-6). Suppose 4*m = -l + 29, 0*l = -3*l + 3*m + 12. What is the highest common factor of x and l?
9
Suppose -6 = -t - 3, -11 = -5*n - 2*t. What is the highest common divisor of n and 9?
1
Let d(v) = v - 1. Let n be d(5). Suppose -6*z + 2*z = 0. Suppose 2 = a - z. Calculate the greatest common factor of a and n.
2
Let j(f) = 29*f - 1. Let o be j(1). Calculate the greatest common factor of 4 and o.
4
Let g = 65 - 53. What is the highest common divisor of g and 12?
12
Suppose c - 22 = -s, 0 = -c - 5*s + s + 25. What is the greatest common factor of c and 3?
3
Let m be 1*(6/9)/((-6)/(-99)). What is the greatest common divisor of 99 and m?
11
Let p(k) = k - 2. Let h be p(6). Suppose t = 1 + h. Suppose 3*z - 100 = -4*r, t*z + r = -2*r + 152. What is the highest common divisor of z and 7?
7
Let a = 3 - 2. Let k be (-2)/(-2)*(29 - a). Suppose -2*u = -5*f + 64, 2*f + 3*u = -12 + 49. Calculate the greatest common factor of f and k.
14
Let m(i) = 2*i**2 - 5*i - 3. Let z be m(4). Let t = 117 - 81. Calculate the highest common divisor of t and z.
9
Let b be (-2 - -1)*2 + 7. Let g(i) = i**2 - 8*i - 3. Let j be g(b). Let l be (23 + 1)*j/(-24). Calculate the greatest common divisor of 72 and l.
18
Suppose 2*v + 5*c = 13, -4*v - c + 8 = -27. Suppose 15 + 39 = z. Calculate the highest common divisor of v and z.
9
Suppose 26*j - 3*l = 21*j + 30, -3*l = 0. Suppose -3*n + 3 = -6*n. Let x = n + 25. What is the greatest common divisor of x and j?
6
Let t = -2 - -38. What is the highest common divisor of t and 4?
4
Let f be (3 - 1)/(3/6). Let a be (-58)/(-4) - (-2)/f. Let h = a - 2. Calculate the greatest common divisor of h and 39.
13
Suppose -2*s = -9*s + 21. What is the highest common factor of 33 and s?
3
Let y = -1 + 3. Suppose -y - 5 = -l. Let g = -85 - -134. Calculate the greatest common factor of g and l.
7
Let p = 199 + -127. Suppose 3*i - p = -i. Calculate the highest common factor of 12 and i.
6
Let c = -155 + 162. Calculate the greatest common factor of 49 and c.
7
Let s = 14 + 2. Let w = s + -7. What is the highest common divisor of 9 and w?
9
Suppose -5*c + 3 = -2. Let p be 9/15 - (-2)/5. What is the greatest common divisor of p and c?
1
Suppose -2*z + 103 = 3*w + 2*z, 4*w = 4*z + 100. Let f(m) = 30*m**3 - 2*m**2 + 2*m - 1. Let i be f(1). Calculate the greatest common factor of w and i.
29
Let k(v) = 6*v + 109. Let n be k(-14). Suppose 2 = -j + 7. Calculate the highest common factor of j and n.
5
Let a(n) = 2. Let d(t) = t + 2. Let k(w) = 6*a(w) - 5*d(w). Let q be k(-2). Suppose 0 = 5*i - i - 96. Calculate the greatest common factor of q and i.
12
Let x = -2 - 1. Let t(b) = 9*b**2 + 3*b - 2. Let o be t(x). What is the greatest common divisor of 14 and o?
14
Let p = 10 + -7. Suppose 21 = -5*d - p*c + 57, -4*d + 5*c = -14. Calculate the highest common factor of d and 3.
3
Let k(a) = a**3 - 10*a**2 - a + 13. Let y be k(10). Calculate the highest common factor of 24 and y.
3
Let x = 8 + -4. Calculate the greatest common divisor of 10 and x.
2
Let a(z) = 24*z**2 + z + 1. Let u be